33318?
2, 3, 11, 61, 1613
List the prime factors of 10335825.
3, 5, 71, 647
List the prime factors of 31841037.
3, 191, 18523
What are the prime factors of 156106238?
2, 4673, 16703
List the prime factors of 936309694.
2, 17827, 26261
What are the prime factors of 545248626?
2, 3, 13, 23, 491, 619
List the prime factors of 1115113928.
2, 139389241
List the prime factors of 4901389365.
3, 5, 2089, 156419
What are the prime factors of 54989027?
54989027
List the prime factors of 419816870.
2, 5, 11, 17, 224501
What are the prime factors of 321557886?
2, 3, 13, 257, 5347
What are the prime factors of 202822296?
2, 3, 47, 179807
List the prime factors of 1128105422.
2, 564052711
What are the prime factors of 667582793?
667582793
List the prime factors of 18260147.
31, 73, 8069
What are the prime factors of 4087738?
2, 2043869
List the prime factors of 553687773.
3, 17, 1723, 6301
What are the prime factors of 545963893?
7559, 72227
List the prime factors of 688151894.
2, 53, 523, 12413
List the prime factors of 205260223.
7, 29322889
What are the prime factors of 1310801300?
2, 5, 53, 109, 2269
List the prime factors of 1288711556.
2, 11, 19, 409, 3769
What are the prime factors of 1075148459?
7, 11, 17, 19, 139, 311
What are the prime factors of 3243031872?
2, 3, 19, 888989
What are the prime factors of 213130675?
5, 8525227
What are the prime factors of 7920930977?
7920930977
List the prime factors of 1869198038.
2, 934599019
What are the prime factors of 1553830076?
2, 191, 643, 3163
What are the prime factors of 30081152?
2, 235009
What are the prime factors of 352069024?
2, 1327, 8291
What are the prime factors of 32541407?
3433, 9479
What are the prime factors of 413373538?
2, 19, 911, 11941
List the prime factors of 204131340.
2, 3, 5, 7, 47, 383
List the prime factors of 348460242.
2, 3, 13, 4467439
What are the prime factors of 80765637?
3, 19, 1416941
What are the prime factors of 402994949?
7, 101, 647, 881
List the prime factors of 43357333.
79, 548827
List the prime factors of 498023358.
2, 3, 7, 1693957
What are the prime factors of 45612711?
3, 19, 101, 139
List the prime factors of 307060028.
2, 11, 23, 241, 1259
What are the prime factors of 38604960?
2, 3, 5, 17, 19, 83
What are the prime factors of 329652027?
3, 36628003
What are the prime factors of 172921423?
71, 34303
List the prime factors of 100327627.
1783, 56269
What are the prime factors of 3921994?
2, 191, 10267
What are the prime factors of 506100827?
506100827
List the prime factors of 269476049.
199, 907, 1493
List the prime factors of 753117463.
7, 683, 157523
List the prime factors of 108355026.
2, 3, 13, 106859
List the prime factors of 2149720915.
5, 2687, 160009
List the prime factors of 1165863744.
2, 3, 23, 88003
What are the prime factors of 48633456?
2, 3, 1013197
List the prime factors of 1065559403.
1065559403
What are the prime factors of 28141789?
13, 263, 8231
What are the prime factors of 2275306623?
3, 252811847
What are the prime factors of 45532835?
5, 19, 79, 6067
What are the prime factors of 528251170?
2, 5, 52825117
What are the prime factors of 2090806384?
2, 130675399
What are the prime factors of 1616318448?
2, 3, 19, 179, 9901
List the prime factors of 6156488.
2, 13, 59197
What are the prime factors of 927668132?
2, 41, 761, 7433
List the prime factors of 62050358.
2, 2113, 14683
What are the prime factors of 61996105?
5, 67, 185063
List the prime factors of 909003575.
5, 36360143
List the prime factors of 111329114.
2, 13, 4281889
What are the prime factors of 6896417032?
2, 3499, 246371
List the prime factors of 1068803877.
3, 73, 79, 163, 379
What are the prime factors of 395627715?
3, 5, 7, 23, 29, 269
What are the prime factors of 567390866?
2, 7, 40527919
What are the prime factors of 68684839?
37, 1856347
What are the prime factors of 2802046617?
3, 311338513
What are the prime factors of 426841850?
2, 5, 449, 19013
List the prime factors of 3674654410.
2, 5, 7, 263, 199601
List the prime factors of 232154608.
2, 7, 2072809
List the prime factors of 205461570.
2, 3, 5, 179, 38261
What are the prime factors of 76707202?
2, 11, 13, 268207
List the prime factors of 277147404.
2, 3, 7698539
List the prime factors of 802259160.
2, 3, 5, 37, 101, 1789
What are the prime factors of 417642862?
2, 7, 13, 29, 53, 1493
What are the prime factors of 47814547?
11, 149, 29173
What are the prime factors of 25653664?
2, 801677
What are the prime factors of 538781997?
3, 13, 3083, 4481
What are the prime factors of 235418504?
2, 29427313
What are the prime factors of 4424721737?
157, 1187, 23743
List the prime factors of 153795927.
3, 51265309
What are the prime factors of 89641505?
5, 157, 114193
What are the prime factors of 1963910?
2, 5, 13, 15107
List the prime factors of 161612964.
2, 3, 89, 50441
List the prime factors of 359629969.
359629969
What are the prime factors of 2869492944?
2, 3, 521, 114743
What are the prime factors of 4370160436?
2, 19, 223, 257857
What are the prime factors of 22569624?
2, 3, 7, 11, 23, 59
List the prime factors of 2091478792.
2, 13, 53, 379441
What are the prime factors of 57211766?
2, 17, 293, 5743
List the prime factors of 78729317.
78729317
List the prime factors of 214714766.
2, 7, 53, 67, 617
List the prime factors of 54140030.
2, 5, 7, 53, 14593
List the prime factors of 6563722419.
3, 83, 293, 29989
List the prime factors of 1126416841.
11, 89, 1150579
What are the prime factors of 799453140?
2, 3, 5, 79, 227, 743
List the prime factors of 1429161995.
5, 163, 401, 4373
List the prime factors of 1577987520.
2, 3, 5, 419, 3923
List the prime factors of 220298335.
5, 2557, 17231
What are the prime factors of 477255612?
2, 3, 23, 1729187
List the prime factors of 53781080.
2, 5, 29, 71, 653
List the prime factors of 668356548.
2, 3, 3623, 15373
List the prime factors of 995358469.
7, 461, 308447
List the prime factors of 52696335.
3, 5, 23, 29, 229
List the prime factors of 259128830.
2, 5, 73, 354971
List the prime factors of 530505539.
71, 83, 90023
List the prime factors of 1312113034.
2, 656056517
List the prime factors of 296960623.
43, 6906061
What are the prime factors of 5599852233?
3, 317, 5888383
List the prime factors of 2103395451.
3, 2657, 263881
What are the prime factors of 2919432326?
2, 191, 7642493
List the prime factors of 498415374.
2, 3, 27689743
List the prime factors of 220937533.
8951, 24683
What are the prime factors of 2021995800?
2, 3, 5, 11, 102121
What are the prime factors of 34719257?
34719257
List the prime factors of 809265535.
5, 13, 17, 59, 12413
What are the prime factors of 1409902854?
2, 3, 17, 139, 277, 359
List the prime factors of 28978543.
11, 79, 33347
What are the prime factors of 623779723?
7, 47, 239, 7933
What are the prime factors of 4092237021?
3, 1907, 715301
What are the prime factors of 10899418?
2, 29, 187921
List the prime factors of 588843591.
3, 7, 43, 179, 3643
What are the prime factors of 3846980635?
5, 19, 40494533
List the prime factors of 75457110.
2, 3, 5, 2515237
List the prime factors of 245919383.
245919383
List the prime factors of 56465066.
2, 7, 83, 48593
List the prime factors of 455797911.
3, 73, 701, 2969
What are the prime factors of 573900470?
2, 5, 11, 13, 401329
What are the prime factors of 38689?
7, 5527
List the prime factors of 242585626.
2, 137, 593, 1493
List the prime factors of 1136190323.
73, 557, 27943
List the prime factors of 692574253.
7, 607, 162997
List the prime factors of 36740285.
5, 181, 40597
What are the prime factors of 71489346?
2, 3, 11914891
What are the prime factors of 498565192?
2, 62320649
List the prime factors of 52038728.
2, 7, 163, 5701
List the prime factors of 879753683.
367, 409, 5861
What are the prime factors of 3079554795?
3, 5, 683, 1237
What are the prime factors of 40278352?
2, 229, 10993
What are the prime factors of 174269291?
7, 24895613
List the prime factors of 2316645989.
7, 101, 127, 25801
List the prime factors of 4825864063.
3631, 1329073
List the prime factors of 634838678.
2, 19, 349, 47869
What are the prime factors of 55609520?
2, 5, 37, 18787
What are the prime factors of 1390087100?
2, 5, 13900871
List the prime factors of 982242240.
2, 3, 5, 7, 19, 157
What are the prime f